s digit of 599253629?
2
What is the ten thousands digit of 187388868?
8
What is the ten thousands digit of 1479652456?
5
What is the ten millions digit of 3337555155?
3
What is the hundreds digit of 257845109?
1
What is the tens digit of 55835242?
4
What is the hundred thousands digit of 528040576?
0
What is the tens digit of 1161317069?
6
What is the hundred millions digit of 966798026?
9
What is the units digit of 291414470?
0
What is the ten millions digit of 59989744?
5
What is the thousands digit of 35022483?
2
What is the millions digit of 44512384?
4
What is the units digit of 325916623?
3
What is the hundred thousands digit of 1282273628?
2
What is the millions digit of 394815385?
4
What is the tens digit of 137332827?
2
What is the hundred thousands digit of 1475264173?
2
What is the ten thousands digit of 1250092606?
9
What is the hundreds digit of 591182860?
8
What is the ten millions digit of 224017885?
2
What is the ten thousands digit of 2383340871?
4
What is the thousands digit of 334154833?
4
What is the ten millions digit of 71813453?
7
What is the ten thousands digit of 5011613?
1
What is the hundred millions digit of 185310250?
1
What is the hundred millions digit of 502230447?
5
What is the ten millions digit of 239137789?
3
What is the tens digit of 99398865?
6
What is the units digit of 14400460?
0
What is the hundreds digit of 11625141?
1
What is the millions digit of 1712728988?
2
What is the millions digit of 243958788?
3
What is the ten thousands digit of 2665341022?
4
What is the ten thousands digit of 18532202?
3
What is the hundred thousands digit of 1725076839?
0
What is the ten millions digit of 3236185298?
3
What is the hundred thousands digit of 94388217?
3
What is the thousands digit of 2129520850?
0
What is the ten millions digit of 344549758?
4
What is the thousands digit of 86174625?
4
What is the thousands digit of 141411235?
1
What is the thousands digit of 162483772?
3
What is the units digit of 377757891?
1
What is the hundred millions digit of 285165718?
2
What is the units digit of 114191626?
6
What is the ten thousands digit of 61241244?
4
What is the thousands digit of 75051082?
1
What is the millions digit of 1677547955?
7
What is the thousands digit of 23470641?
0
What is the thousands digit of 1070426534?
6
What is the hundreds digit of 111888632?
6
What is the hundred thousands digit of 189775201?
7
What is the thousands digit of 135699855?
9
What is the tens digit of 75539590?
9
What is the millions digit of 3283259385?
3
What is the hundred thousands digit of 7264849?
2
What is the hundreds digit of 659882259?
2
What is the hundred thousands digit of 43384419?
3
What is the hundreds digit of 200150596?
5
What is the thousands digit of 59997947?
7
What is the ten thousands digit of 211159488?
5
What is the ten thousands digit of 2160332074?
3
What is the ten millions digit of 23985382?
2
What is the thousands digit of 78332205?
2
What is the hundreds digit of 141004253?
2
What is the tens digit of 278878789?
8
What is the tens digit of 24654803?
0
What is the millions digit of 421661488?
1
What is the billions digit of 1463125180?
1
What is the millions digit of 45691262?
5
What is the ten millions digit of 51757894?
5
What is the units digit of 307560604?
4
What is the ten millions digit of 86359538?
8
What is the billions digit of 2103517664?
2
What is the hundred millions digit of 254611874?
2
What is the ten millions digit of 1222327480?
2
What is the units digit of 7665658?
8
What is the hundred thousands digit of 54244175?
2
What is the thousands digit of 1658650939?
0
What is the tens digit of 30308076?
7
What is the millions digit of 303402157?
3
What is the tens digit of 293308339?
3
What is the millions digit of 89518660?
9
What is the millions digit of 269400491?
9
What is the hundred thousands digit of 1152560818?
5
What is the units digit of 1482666324?
4
What is the thousands digit of 88886311?
6
What is the units digit of 703438986?
6
What is the hundred thousands digit of 208177013?
1
What is the millions digit of 21585658?
1
What is the units digit of 431366964?
4
What is the ten thousands digit of 168233489?
3
What is the millions digit of 408492126?
8
What is the thousands digit of 425910111?
0
What is the ten thousands digit of 6326920439?
2
What is the units digit of 70213002?
2
What is the units digit of 6051636643?
3
What is the millions digit of 2403454037?
3
What is the ten thousands digit of 2877334944?
3
What is the hundred millions digit of 2516365775?
5
What is the hundred thousands digit of 8449004?
4
What is the hundred thousands digit of 475763410?
7
What is the ten millions digit of 816306529?
1
What is the hundred millions digit of 903286979?
9
What is the ten millions digit of 85386288?
8
What is the ten thousands digit of 1164943365?
4
What is the millions digit of 96409763?
6
What is the ten thousands digit of 80106538?
0
What is the hundreds digit of 81336096?
0
What is the hundred thousands digit of 13928135?
9
What is the tens digit of 42546680?
8
What is the ten millions digit of 169471190?
6
What is the millions digit of 426777157?
6
What is the thousands digit of 654590318?
0
What is the hundred thousands digit of 23536411?
5
What is the thousands digit of 801425384?
5
What is the ten millions digit of 80096457?
8
What is the units digit of 52619434?
4
What is the thousands digit of 87120597?
0
What is the millions digit of 62696715?
2
What is the ten thousands digit of 114019549?
1
What is the billions digit of 4902300580?
4
What is the ten millions digit of 49997204?
4
What is the units digit of 6155019?
9
What is the thousands digit of 116394775?
4
What is the ten thousands digit of 765334628?
3
What is the thousands digit of 528114615?
4
What is the millions digit of 4240367081?
0
What is the tens digit of 88674936?
3
What is the millions digit of 17778440?
7
What is the hundred thousands digit of 7311334310?
3
What is the hundreds digit of 235675702?
7
What is the hundred millions digit of 2311452835?
3
What is the hundred thousands digit of 31419392?
4
What is the units digit of 2658067157?
7
What is the hundred millions digit of 2843665498?
8
What is the ten millions digit of 45658749?
4
What is the units digit of 4339701565?
5
What is the ten thousands digit of 337718398?
1
What is the thousands digit of 843115451?
5
What is the units digit of 3837342193?
3
What is the ten millions digit of 150237518?
5
What is the hundred thousands digit of 677906897?
9
What is the units digit of 786679955?
5
What is the ten millions digit of 471678102?
7
What is the thousands digit of 12594930?
4
What is the tens digit of 227754921?
2
What is the ten thousands digit of 914495918?
9
What is the units digit of 34390253?
3
What is the units digit of 20787615?
5
What is the hundred millions digit of 685388212?
6
What is the hundred thousands digit of 669105792?
1
What is the millions digit of 165667560?
5
What is the hundreds digit of 22339807?
8
What is the hundreds digit of 64838596?
5
What is the millions digit of 180199664?
0
What is the ten millions digit of 192578435?
9
What is the units digit of 95774008?
8
What is the hundred thousands digit of 45912440?
9
What is the ten millions digit of 225230432?
2
What is the hundreds digit of 1317650727?
7
What is the millions digit of 29275246?
9
What is the hundred thousands digit of 15740778?
7
What is the ten millions digit of 96807811?
9
What is the millions digit of 49586104?
9
What is the ten thousands digit of 666022307?
2
What is the ten thousands digit of 1371687438?
8
What is the thousands digit of 79480358?
0
What is the hundred millions digit of 1056075069?
0
What is the tens digit of 1228737181?
8
What is the ten millions digit of 64328314?
6
What is the ten thousands digit of 1041956?
4
What is the units digit of 1336030262?
2
What is the tens digit of 15940385?
8
What is the millions digit of 1305880985?
5
What is the tens digit of 3242983814?
1
What is the thousands digit of 45017449?
7
What is the ten millions digit of 2931564041?
3
What is the hundreds digit of 805914423?
4
What is the ten thousands digit of 3298546591?
4
What is the ten millions digit of 225801936?
2
What is the ten millions